ighest common divisor of 1413398 and 196.
14
What is the greatest common factor of 147 and 49107849?
147
What is the highest common divisor of 6345613 and 862?
431
Calculate the highest common divisor of 142115 and 77185.
215
Calculate the greatest common divisor of 1054006050 and 600.
150
What is the highest common factor of 111918 and 26841?
69
Calculate the highest common divisor of 528770 and 9310.
190
Calculate the highest common factor of 455295 and 5191080.
3585
Calculate the greatest common factor of 38 and 5612163.
19
What is the highest common factor of 126893 and 283671?
43
What is the greatest common factor of 221445 and 180153?
333
What is the greatest common factor of 2976 and 9905244?
372
Calculate the highest common factor of 873885 and 15612630.
5865
Calculate the highest common divisor of 5368209 and 187.
187
What is the greatest common divisor of 66322779 and 3126?
1563
Calculate the greatest common divisor of 434232 and 70448.
296
What is the greatest common divisor of 1081 and 41224687?
47
Calculate the greatest common divisor of 657427727 and 22.
11
Calculate the highest common divisor of 33688463 and 27977.
277
What is the greatest common divisor of 1653437 and 178619?
323
What is the greatest common factor of 3264 and 8686354?
34
Calculate the greatest common factor of 53 and 16623344.
53
What is the greatest common factor of 1416626 and 27169?
101
What is the greatest common factor of 81970 and 76370?
70
What is the highest common divisor of 188 and 6816081?
47
What is the highest common factor of 128 and 1282039808?
128
What is the greatest common divisor of 6 and 3728226?
6
Calculate the highest common divisor of 178084599 and 231.
231
What is the highest common divisor of 222882 and 21490?
614
Calculate the greatest common divisor of 6260595 and 2071.
19
Calculate the greatest common factor of 157702 and 123337.
29
Calculate the greatest common divisor of 89262 and 36279.
261
Calculate the highest common factor of 15344090 and 470.
470
What is the greatest common factor of 20 and 3580060?
20
Calculate the greatest common factor of 199503 and 3807.
81
Calculate the highest common factor of 561736 and 53704.
392
What is the highest common divisor of 5845 and 896385?
35
Calculate the greatest common divisor of 587027 and 14518.
119
What is the highest common divisor of 2514 and 1041635676?
2514
What is the highest common factor of 2997 and 33437973?
111
Calculate the greatest common factor of 5291 and 3618563.
481
What is the greatest common factor of 30255 and 18035?
5
What is the greatest common divisor of 169632 and 5260644?
684
Calculate the highest common divisor of 3026143225 and 2975.
2975
Calculate the greatest common factor of 6294915 and 108.
27
What is the highest common factor of 93 and 84514277?
31
What is the greatest common factor of 30207988 and 4?
4
Calculate the greatest common divisor of 1936 and 85664.
16
Calculate the highest common divisor of 131715 and 7650.
45
What is the greatest common factor of 266385 and 3113430?
885
Calculate the highest common factor of 64923867 and 4131.
153
Calculate the greatest common factor of 64192 and 470584.
472
Calculate the highest common divisor of 340595 and 85.
85
Calculate the highest common factor of 260 and 8062795.
65
What is the highest common factor of 1730 and 391698815?
865
Calculate the highest common divisor of 7340 and 38080.
20
Calculate the greatest common factor of 448 and 4102756.
28
Calculate the greatest common divisor of 63364 and 615412.
868
Calculate the greatest common factor of 195 and 46583885.
5
Calculate the highest common divisor of 673686 and 19767214.
5758
Calculate the highest common factor of 4131175 and 275.
25
What is the highest common factor of 5880 and 8403900?
60
What is the greatest common factor of 24552100 and 200?
100
What is the greatest common divisor of 6635824 and 1306864?
12688
What is the greatest common factor of 447692 and 749?
7
Calculate the highest common divisor of 379944 and 9720.
216
What is the greatest common factor of 300640 and 764?
4
What is the highest common divisor of 1448 and 301704?
8
What is the greatest common factor of 4644 and 682884?
108
What is the highest common divisor of 25676 and 1246756?
196
Calculate the highest common factor of 132 and 26110612.
44
What is the greatest common divisor of 104 and 137276?
4
Calculate the greatest common divisor of 2318 and 269534.
38
Calculate the greatest common factor of 75002739 and 7.
7
Calculate the greatest common factor of 49265 and 426685.
835
What is the highest common factor of 473002938 and 18?
18
Calculate the highest common factor of 387467 and 59603.
19
Calculate the greatest common divisor of 1178022810 and 4710.
4710
Calculate the greatest common divisor of 1944 and 8922798.
162
Calculate the highest common factor of 164424 and 6528.
408
Calculate the greatest common divisor of 121828 and 83486.
38
What is the greatest common factor of 20 and 4200959940?
20
What is the highest common divisor of 11466514 and 17554?
134
What is the greatest common divisor of 5957 and 64227523?
851
Calculate the highest common divisor of 171610765 and 8474.
223
What is the highest common divisor of 315 and 36933255?
45
Calculate the greatest common factor of 976962 and 1302.
42
Calculate the highest common factor of 5109 and 2233419.
393
Calculate the highest common divisor of 312822 and 12582.
54
Calculate the highest common factor of 61124 and 1293964.
1036
Calculate the greatest common factor of 34692 and 60438.
42
Calculate the greatest common divisor of 12080902 and 6.
2
What is the greatest common divisor of 282 and 72000?
6
Calculate the highest common divisor of 5640 and 15579795.
705
Calculate the highest common divisor of 558949 and 1342147.
3347
Calculate the highest common divisor of 15347 and 506657.
103
Calculate the highest common factor of 1073320 and 4860.
20
What is the greatest common divisor of 7458 and 3981894?
678
Calculate the greatest common divisor of 1294 and 8832197.
647
Calculate the highest common divisor of 2086 and 68382209.
1043
What is the highest common factor of 543414 and 835566?
282
Calculate the highest common divisor of 100391842 and 258.
86
Calculate the greatest common factor of 1247 and 17415559.
43
What is the greatest common divisor of 703 and 34069489?
703
Calculate the highest common factor of 608 and 196075184.
16
Calculate the highest common divisor of 1567 and 1213367275.
1567
What is the highest common divisor of 1360 and 1779628?
68
What is the highest common factor of 3 and 1616354?
1
What is the highest common factor of 565 and 425369855?
565
What is the greatest common factor of 14677 and 1804309?
13
Calculate the greatest common divisor of 1299591 and 279.
9
Calculate the highest common factor of 21832084 and 2412.
268
What is the highest common factor of 9206596 and 52?
4
What is the highest common divisor of 104014455 and 2790?
465
What is the highest common divisor of 81 and 60169584?
3
Calculate the highest common divisor of 561 and 1337237.
187
What is the highest common divisor of 4390 and 3692610?
10
Calculate the greatest common divisor of 585 and 39107835.
585
Calculate the greatest common divisor of 180599 and 195904.
3061
Calculate the greatest common divisor of 228 and 25581372.
228
Calculate the highest common factor of 7403 and 42975761.
673
Calculate the greatest common factor of 24 and 10962376.
8
What is the greatest common divisor of 136228 and 28612?
4
Calculate the highest common divisor of 8508 and 51766926.
4254
Calculate the greatest common factor of 115315 and 48020.
5
What is the highest common factor of 39 and 43910373?
39
Calculate the highest common factor of 157522989 and 195.
39
Calculate the highest common factor of 299310 and 29370.
330
What is the greatest common divisor of 1444507 and 248?
31
What is the greatest common divisor of 168 and 29389206?
42
What is the highest common divisor of 137312824 and 848?
424
Calculate the highest common factor of 31303065 and 366.
183
What is the highest common divisor of 385 and 74998630?
35
What is the highest common divisor of 104 and 6838819?
13
What is the greatest common factor of 355247961 and 10737?
3579
Calculate the hig